71 = -5*m + 3*w - w. What is the remainder when q(-1) is divided by m?
10
Suppose 0 = 2*s + 2*s - 268. Suppose -65 = -5*g - 5*y, -5*g - 3*y - 10 = -s. Suppose 3 + 12 = q. Calculate the remainder when q is divided by g.
6
Calculate the remainder when 210 is divided by -2*(8 + 414/(-12)).
51
Let t = -13 + 32. What is the remainder when t is divided by (1 - -3) + (-12)/12?
1
Let k be (3*(-2)/12)/((-2)/16). Suppose 0 = -2*v + 5*f - 3*f + 44, -78 = -k*v + 2*f. What is the remainder when (8*-1)/((-1)/4) is divided by v?
15
Let t(h) = 24*h**2 + 22*h - 11. What is the remainder when t(3) is divided by 45?
1
Let k = 1 - -16. Let a(h) = -24*h. Let y be a(-6). Suppose -3*d - y = -6*d. Calculate the remainder when d is divided by k.
14
Suppose -232 - 1348 = -10*s. Calculate the remainder when s is divided by 42.
32
Suppose -5*u + 212 + 363 = 0. Suppose 8*q - 3*q - u = 0. Calculate the remainder when 87 is divided by q.
18
What is the remainder when (38/1 - -2) + (-33 - -29) is divided by 19?
17
Let q = -59 + 91. Let c = 118 + -97. What is the remainder when q is divided by c?
11
Suppose 105 = 2*g - 87. Calculate the remainder when 197 is divided by 1/(-2)*(30 - g).
32
Calculate the remainder when ((-832)/104)/(1*(-2)/142) is divided by 26.
22
Let d be (-4)/(4/(-6) - 0). Calculate the remainder when 209 is divided by -1 - ((-321)/d + (-3)/6).
50
Let h = 32 + 301. What is the remainder when h is divided by 24?
21
Calculate the remainder when ((-3)/(-24)*4)/((-6)/(-228)) is divided by 2.
1
Let g = 3 + 3. Suppose -3*f = -f + g. Let p = f + 12. What is the remainder when 26 is divided by p?
8
Suppose -7*k + 10*k = 0. Suppose -3*i - i + 44 = 4*d, k = -2*i - d + 21. What is the remainder when 48 is divided by i?
8
Let w = 54 - 18. Let z be (-43)/(-9) - (-8)/w. Suppose 4*m = 2*i + 104, 0*m - 3*i + 119 = z*m. What is the remainder when 73 is divided by m?
23
Suppose -3*v + 2 + 34 = -5*n, -36 = -3*v - 4*n. Calculate the remainder when 48 is divided by v.
0
Suppose -2*n = -5*j + 124, -10*j - 2*n - 20 = -11*j. Calculate the remainder when j is divided by 8.
2
Let v = 692 + -659. What is the remainder when 37 is divided by v?
4
Suppose -4*b = 3*q - 452, -733 - 51 = -5*q + b. Suppose 6*c - 145 = -3*u + c, 65 = 2*u - 3*c. Calculate the remainder when q is divided by u.
36
Let m(w) = -w**3 - 6*w**2 - 2*w. Let r be m(-6). Suppose -3*b + 0*b = -2*n + r, -5*n + 30 = 3*b. What is the remainder when 28 is divided by n?
4
Let s(g) = g**2 + 4*g + 8. Let a = -2 - 4. Calculate the remainder when 31 is divided by s(a).
11
Suppose -7*h = -7 - 7. What is the remainder when (-468)/24*h/(-3) is divided by 4?
1
Let y = 26 - 69. Let f = y - -65. Calculate the remainder when 107 is divided by f.
19
Let n(s) = -14*s**3 - 2*s**2 - 2*s - 1. Suppose 2*h = -h + 6. Suppose h*g + 2*g - 100 = 4*m, 4*g - 92 = -4*m. What is the remainder when g is divided by n(-1)?
11
Let o = 584 - 392. What is the remainder when o is divided by 13?
10
Suppose -4*d = d - 60. Suppose 32*b - 31*b = 21. What is the remainder when b is divided by d?
9
Let v be -1 + ((-4)/(-10) - 317/5). Let j = 107 + v. What is the remainder when j is divided by 22?
21
What is the remainder when 1 + 108/(-30)*-35 is divided by 10?
7
Suppose 0 = -z + 4*z - 150. Suppose -4*l + z = 4*g - 10, 2*l - g = 15. Calculate the remainder when 1/(-3) - (-928)/48 is divided by l.
9
Let a = 118 + -21. Let z(y) = -y**3 - 47*y**2 + 1608*y - 106. What is the remainder when a is divided by z(-70)?
29
Let l(o) = -2*o**2 + 24*o - 11. What is the remainder when l(11) is divided by 2?
1
Let k be 1*(0 - 1) - 51. Let z be (-4 - -1)*k/39. Suppose z*f - f - 12 = 0. What is the remainder when f is divided by 3?
1
Let p = -276 + 429. What is the remainder when p is divided by 47?
12
Let x(w) = w**2 + 4*w + 6. Let a(s) = 6*s - 3*s - 2 - 2*s - 9. Let l be a(5). Calculate the remainder when 70 is divided by x(l).
16
Suppose -42 = -8*a - 2. What is the remainder when 42 is divided by a?
2
Suppose z - 52 = 71. Let q = -83 + z. Calculate the remainder when q is divided by 14.
12
Let o = 896 + -707. Suppose -2*u + 3*u - 32 = 0. What is the remainder when o is divided by u?
29
Suppose -3*o = -49 + 1. Suppose -o*a = -18*a + 6. Calculate the remainder when 3 is divided by a.
0
Let y be (-1)/(-4) + 32175/(-60). What is the remainder when 62 is divided by 4/(-10) + y/(-40)?
10
Let m = 15 + -4. Let n = 111 - 47. Suppose 11*g - n = 9*g. What is the remainder when g is divided by m?
10
Let c(j) = 2*j**2 + 4*j + 3. Let z = -4 - 0. Suppose 34*a - 31*a = 99. What is the remainder when a is divided by c(z)?
14
Suppose -58 = -4*p + 54. Let w(m) = m**3 - 7*m**2 + 2*m + 6. Let a be w(7). Suppose 0 = 2*x - 4*x + a. Calculate the remainder when p is divided by x.
8
Suppose g + 8 = 2*g. Suppose -4*h = 3*k - 133, -4*h + g = -2*h. Calculate the remainder when 155 is divided by k.
38
Suppose -12 = -4*k, 11*v = 15*v - 2*k - 90. What is the remainder when 55 is divided by v?
7
Suppose -4*t = -2*t. Let n be (0/(-1) - -7) + t. Let q(g) = -g**3 + 8*g**2 - 7*g + 4. What is the remainder when q(n) is divided by 2?
0
Suppose 6 - 105 = -3*m. Calculate the remainder when 62 is divided by m.
29
Let h = -125 + 131. Suppose -8*z = -h*z - 222. What is the remainder when z is divided by 30?
21
Let y(g) = g**2 - 2*g. Let t be y(3). Suppose t*n = 2*n + 52. Suppose -n = -z - 20. Calculate the remainder when 95 is divided by z.
31
Suppose -2*u + m + 14 = 0, 3*u - 23 = -5*m + 6*m. Suppose u = -4*n + 117. What is the remainder when 1 - (1 - 80) - 0 is divided by n?
26
Suppose 3*d - 4*h = h + 13, 3*d = -5*h + 23. Let s be 285/4 + d/8. Suppose 3*p - s = -27. Calculate the remainder when p is divided by 4.
3
Let k = 1 - 1. Suppose 4*t - t - 27 = k. Calculate the remainder when t is divided by (384 - 378) + 2/(2/(-3)).
0
Suppose 70 = 2*z + 5*z. What is the remainder when (-17)/4*(8 + -12) is divided by z?
7
Let w = 0 - -4. Suppose 248 = -0*s + w*s. Let m = -72 - -104. Calculate the remainder when s is divided by m.
30
Suppose -2*o + 498 = -3*d, 4*d - o + 268 = -396. Let s = d - -314. What is the remainder when s is divided by 50?
48
Let p be (-2)/6*(-155 - -29). Suppose -p - 17 = -f + 4*n, f - 2*n - 57 = 0. Calculate the remainder when f is divided by 14.
13
Suppose 2 + 4 = 3*o. Suppose -s + 11 + 0 = o*n, -5*s + n = -110. Suppose 4*w + 2462 - 2514 = 0. What is the remainder when s is divided by w?
8
Let c(b) = -b**3 + 35*b**2 - 31*b - 27. What is the remainder when c(34) is divided by 19?
18
Let s = -164 - -200. What is the remainder when 286 is divided by s?
34
Let q = -6 + 10. Let i = -3392 + 3396. Calculate the remainder when q is divided by i.
0
Suppose -2 - 18 = -5*t. Suppose 2*q + 44 = t*z, 0 + 50 = -5*q - 2*z. Let b = q + 16. Calculate the remainder when 14 is divided by b.
2
Let v(o) = o + 8. Let p be v(-10). Calculate the remainder when 118 is divided by (12/14)/(p/(-280)*4).
28
Let t = -102 - -117. What is the remainder when 207 is divided by t?
12
Suppose 3*s = 9, g - 5 = -s + 2. Suppose -5*m = g*f - 104, 5*f - 7 = 2*m - 42. Calculate the remainder when 31 is divided by m.
11
Suppose -2*s = -4, 18 = k + k - 2*s. What is the remainder when 41 is divided by k?
8
Let g be 2/8 - 1089/(-12). Suppose 4*r = v - 3*v + 14, 3*r = -3*v + 18. Suppose -v*o - g = -266. What is the remainder when o is divided by 12?
11
Suppose 5*c - 6 = 14, -3*l - 10 = -4*c. Suppose -l*f + 160 = 3*f - 5*u, 0 = -3*u - 6. Let h = 234 + -118. What is the remainder when h is divided by f?
26
Suppose -50 = 2*g - 12*g. Suppose 2*w - 5 = w, -g*x + w + 565 = 0. Calculate the remainder when x is divided by 39.
36
Suppose 0 = 2*l + 4*b + 5 + 1, -2*b - 9 = -l. Suppose l*k - 4 = 4*n, -4*k + 26 - 2 = 4*n. Calculate the remainder when k is divided by 3.
1
Let r be 0*-2*5/30. Suppose -h - 2*b + 23 = -r*b, 4*h - 3*b - 136 = 0. What is the remainder when 90 is divided by h?
28
Suppose 2*t = i - 12, 0 = -2*i + 5*t - 3 + 22. Calculate the remainder when 152 is divided by i.
20
Suppose -66 = -269*f + 267*f. Calculate the remainder when 164 is divided by f.
32
Suppose 8 = -0*y + 4*y. Suppose -4*r - 14 = -y*r. Let q(d) = 2*d**2 + 10*d + 6. Calculate the remainder when q(r) is divided by 12.
10
Suppose 396 = 6*c + 168. Calculate the remainder when 70 is